{"id":22,"date":"2020-04-02T12:30:19","date_gmt":"2020-04-02T12:30:19","guid":{"rendered":"https:\/\/figuresdestyle.ped-ecublens.ch\/?page_id=22"},"modified":"2020-04-04T15:23:08","modified_gmt":"2020-04-04T15:23:08","slug":"figures-dattenuation","status":"publish","type":"page","link":"https:\/\/figuresdestyle.ped-ecublens.ch\/index.php\/figures-dattenuation\/","title":{"rendered":"Figures d&rsquo;att\u00e9nuation"},"content":{"rendered":"\n<p><em>Les d\u00e9finitions sont tir\u00e9es du <strong>Livre Unique Fran\u00e7ais<\/strong> (\u00e9ditions Hatier, 2011)<\/em><\/p>\n\n\n\n<h2 class=\"wp-block-heading\">La litote<\/h2>\n\n\n\n<p>La&nbsp;<strong>litote<\/strong>&nbsp;consiste \u00e0 <span class=\"has-inline-color has-vivid-red-color\">traduire des sentiments intenses avec retenue<\/span> (par modestie, bon go\u00fbt&#8230;) <span class=\"has-inline-color has-vivid-red-color\">en faisant entendre le plus en disant le moins par la n\u00e9gation du contraire de ce que l\u2019on veut dire<\/span>.<br><strong>Ex :&nbsp;<\/strong><em>Ce n\u2019est pas mauvais.<\/em> -&gt;&nbsp;C\u2019est tr\u00e8s bon.<\/p>\n\n\n\n<h2 class=\"wp-block-heading\">L&rsquo;euph\u00e9misme<\/h2>\n\n\n\n<p><strong>L\u2019euph\u00e9misme<\/strong>&nbsp;<span class=\"has-inline-color has-vivid-red-color\">adoucit<\/span> un d\u00e9faut, une r\u00e9alit\u00e9 choquante ou blessante.&nbsp;<br><strong>Ex :&nbsp;<\/strong><em>Elle nous a quitt\u00e9s.&nbsp;<\/em>-&gt;&nbsp;Elle est morte.<\/p>\n","protected":false},"excerpt":{"rendered":"<p>Les d\u00e9finitions sont tir\u00e9es du Livre Unique Fran\u00e7ais (\u00e9ditions Hatier, 2011) La litote La&nbsp;litote&nbsp;consiste \u00e0 traduire des sentiments intenses avec retenue (par modestie, bon go\u00fbt&#8230;) en faisant entendre le plus en disant le moins par la n\u00e9gation du contraire de ce que l\u2019on veut dire.Ex :&nbsp;Ce n\u2019est pas mauvais. -&gt;&nbsp;C\u2019est tr\u00e8s bon. L&rsquo;euph\u00e9misme L\u2019euph\u00e9misme&nbsp;adoucit un [&hellip;]<\/p>\n","protected":false},"author":1,"featured_media":0,"parent":0,"menu_order":0,"comment_status":"closed","ping_status":"closed","template":"","meta":{"footnotes":""},"class_list":["post-22","page","type-page","status-publish","hentry"],"_links":{"self":[{"href":"https:\/\/figuresdestyle.ped-ecublens.ch\/index.php\/wp-json\/wp\/v2\/pages\/22","targetHints":{"allow":["GET"]}}],"collection":[{"href":"https:\/\/figuresdestyle.ped-ecublens.ch\/index.php\/wp-json\/wp\/v2\/pages"}],"about":[{"href":"https:\/\/figuresdestyle.ped-ecublens.ch\/index.php\/wp-json\/wp\/v2\/types\/page"}],"author":[{"embeddable":true,"href":"https:\/\/figuresdestyle.ped-ecublens.ch\/index.php\/wp-json\/wp\/v2\/users\/1"}],"replies":[{"embeddable":true,"href":"https:\/\/figuresdestyle.ped-ecublens.ch\/index.php\/wp-json\/wp\/v2\/comments?post=22"}],"version-history":[{"count":3,"href":"https:\/\/figuresdestyle.ped-ecublens.ch\/index.php\/wp-json\/wp\/v2\/pages\/22\/revisions"}],"predecessor-version":[{"id":108,"href":"https:\/\/figuresdestyle.ped-ecublens.ch\/index.php\/wp-json\/wp\/v2\/pages\/22\/revisions\/108"}],"wp:attachment":[{"href":"https:\/\/figuresdestyle.ped-ecublens.ch\/index.php\/wp-json\/wp\/v2\/media?parent=22"}],"curies":[{"name":"wp","href":"https:\/\/api.w.org\/{rel}","templated":true}]}}